-1 + 105?
1
Suppose -2*a - 10 = -7*a. Suppose -a*q + 4*y = -60, 0*q - 2*q - 3*y = -39. What is the units digit of q?
4
Suppose 66*q - 68*q = -244. What is the hundreds digit of q?
1
Let s(z) = 2*z - 9. Let h be s(15). Suppose 0 = 4*y + 3*g + 7, 4*y - 5*g = -10 - h. Let q = 0 - y. What is the units digit of q?
4
Let p(b) = b**2 + 8*b + 6. Let y be p(-5). Let j(q) = 126*q - 65*q - 55*q - 2 + q**2 - 11. What is the units digit of j(y)?
4
Let z(l) = -l**3 + 8*l**2 + 11*l - 11. Let x be z(9). Suppose 0*k - k = 2*g - x, -5*g = 5*k - 55. Suppose -t + 6*t = k. What is the units digit of t?
3
Suppose 0 = 4*o + o - 20. Suppose 14 = -2*r + o*a, -5*r + 5*a = 16 - 6. Suppose -r*w + 7 = -2. What is the units digit of w?
3
Let a(s) = -s**2 - 16*s**3 - 2*s**2 + 15*s**3 + 2. Suppose -4*w - 13 = -1. What is the units digit of a(w)?
2
Suppose 5*l = 7 - 17. Let w be l/1 + 7 - 3. Suppose 0 = -w*m - 0*m + 84. What is the tens digit of m?
4
Suppose -m + 3092 = -2*o, 13*m = 18*m + 4*o - 15418. What is the hundreds digit of m?
0
Let i(j) be the third derivative of -j**6/120 + 7*j**5/30 + 19*j**3/6 - 42*j**2. Let y(p) = -6*p + 2. Let f be y(-2). What is the tens digit of i(f)?
1
Let h = -33 + 27. What is the units digit of (-1052)/h*(-57)/(-38)?
3
Let x(t) = t**3 - t**2 - t + 2. Let m be x(-6). Let p = m + 414. What is the hundreds digit of p?
1
Suppose t = -4*w + 3*t + 8, -1 = w - 2*t. What is the tens digit of (-94)/(-8) - w/4?
1
Let t(g) = -g**3 + 18*g**2 - 3*g - 186. What is the tens digit of t(17)?
5
Suppose -97*d + 104*d - 3766 = 0. What is the units digit of d?
8
Let q = -52 - -166. Suppose 5*h = -q - 56. Let o = -6 - h. What is the units digit of o?
8
Suppose -13 = -2*h + b, -h - 5*b = -0*h + 21. Let i be (-2)/5 + 1070/50. What is the units digit of h/14 - (-99)/i?
5
Suppose 4*h - 2*r = 3830, -11*r - 4 = -7*r. What is the hundreds digit of h?
9
Let o be (-2*2)/((-8)/6). Suppose 0 = -2*x + o*x - 93. Suppose 0 = 4*j - x - 23. What is the units digit of j?
9
Suppose 1 - 7 = -3*k. Suppose 0 = 2*g + k*z - 68, -z - 2 - 3 = 0. What is the units digit of g?
9
Let z = 649 + -498. What is the units digit of z?
1
Let a = -11 + 7. Let f(l) = -l**3 + 3*l**2 + 7*l + 5. What is the tens digit of f(a)?
8
Suppose p - 130 = -24. What is the tens digit of p?
0
Let z(y) = y**2 - 4 - 2 - y**3 + 5*y**2 + 1 + 5*y. Let c be z(7). What is the units digit of (-12)/4 - c - -3?
9
Let j(w) = -w**3 - 6*w**2 - 8*w - 10. Let t be j(-5). Suppose -306 = -d - t*d. What is the tens digit of d?
5
Let g = -14 + -5. Suppose -4*c = -4*a - c - 58, a - c + 15 = 0. Let v = a - g. What is the units digit of v?
6
What is the hundreds digit of ((-62391)/(-14))/(24/32)?
9
Let w be (2/(-2) - -11)*(0 - -1). Suppose 7*c - w*c + 312 = 0. What is the units digit of c?
4
Let i = -1 + 8. Let t = i - 7. Suppose -3*p + 0 + 42 = t. What is the tens digit of p?
1
Suppose -3*j + 71 + 382 = 0. What is the hundreds digit of j?
1
Suppose -108 = -2*j + 196. Suppose 0 = 5*u + 4*v - 360, 2*v + 136 + j = 4*u. What is the units digit of u?
2
Let a(n) = -n**2 + 13*n - 14. Let y be a(11). Let f = -7 + y. Suppose i + 5*k = f, -5*k - 83 = -3*i - 4*k. What is the tens digit of i?
2
Let b(t) = 3*t - 28*t - 4 + 6*t + 7*t. What is the tens digit of b(-4)?
4
Let c be 5/(-4)*(0 - 4). Suppose 4*t - 3*g = 132, -10 + 60 = t - c*g. Suppose 6*i - 142 = i + 2*x, 0 = -i + 2*x + t. What is the tens digit of i?
2
Let u(p) = p**3 + 5*p**2 - 2*p - 4. Let r be u(-5). Suppose -3*l = 3*g - r, -4*l - 4 = -6*l + g. What is the units digit of (-5)/(2/(-4)*l)?
5
Let y(r) = -r**3 - 2*r**2 + 5*r - 11. Suppose 0*v = v - 5*z + 15, -4*z = -3*v - 23. What is the units digit of y(v)?
9
Suppose 5*u = z + 24, 5*u - 2*z - 8 = -5*z. Suppose u = l + 2. Suppose 4*m - 4*x = -l*x + 198, 0 = -2*x + 6. What is the units digit of m?
1
Let c(j) = -j**3 + 7*j**2 - 5*j - 4. Let o be c(6). Suppose -o*b + 10 = -0. Suppose b*d - 80 = -25. What is the units digit of d?
1
Let y(s) be the third derivative of -s**5/60 - 19*s**4/24 + 11*s**3 + 8*s**2 - s. What is the tens digit of y(-19)?
6
Let j(f) be the second derivative of f**4/12 - f**3/3 + f**2/2 + 3*f. Let p be j(1). Suppose p = 6*g - 3*g - 75. What is the units digit of g?
5
Suppose 23090 = -61*g + 71*g. What is the units digit of g?
9
Let t be 210/(-20)*(-2)/3. What is the tens digit of ((-5996)/(-28) - 3) + (-1)/t?
1
Suppose 114 = 3*k - a, -3*k + 0*k + 120 = -3*a. Suppose -c = -4*h + 4*c + 65, -2*h - 5*c + 55 = 0. Let i = k - h. What is the units digit of i?
7
Let a(v) = v**3 + 2*v**2 - 2. Let c be a(0). What is the units digit of (3/c)/((-45)/3930)?
1
What is the hundreds digit of (-2 + 1)/((170/(-6020))/17)?
6
Let s = 14 - 11. Suppose s*c + 95 = 8*c. Suppose -25 = -4*w + c. What is the tens digit of w?
1
Suppose -656 = -4*g + 88. What is the tens digit of g?
8
Suppose -1180 = -4*h - 6*h. Suppose -2*f + h = 34. What is the tens digit of f?
4
Let j be 4/14 - 4000/(-112). Suppose v + 0*v - j = 0. What is the tens digit of v?
3
Let a(o) = o**2 + 27*o - 5. What is the hundreds digit of a(16)?
6
Suppose -4*l + 61 = 81. Let m(t) = 8*t**2 + 12*t. What is the tens digit of m(l)?
4
Let i(t) = t**2 - 8*t + 8. Let u be i(5). Suppose 0 = -2*s - 17 + 7. Let x = s - u. What is the units digit of x?
2
Let f(l) = -2537*l**3 + 3*l**2 - l - 3. What is the tens digit of f(-1)?
3
Let l = -375 + 573. Suppose 0 = -7*j + 145 + l. What is the tens digit of j?
4
Let h = -29 - -42. What is the units digit of (h/(-3))/(2/(-12))?
6
Suppose 4*h + 36 = -2*b, -2*b - 1 - 15 = 2*h. Let a = -10 - h. Suppose a*z - 56 = -4*z. What is the tens digit of z?
1
Let h = 2129 - 859. What is the tens digit of h?
7
Suppose 0 = -5*h - 2*h + 2583. What is the hundreds digit of h?
3
Suppose 932 + 1114 = 5*k + v, -v - 4 = 0. What is the hundreds digit of k?
4
Let m be 34960/60 + 1/3. Suppose 5*k = -3*o + m, -o + 3*k + 190 = -9. What is the units digit of o?
6
Let w = -61 - -46. What is the tens digit of w/(-10)*148/3?
7
Let s be 8/32 - 1505/4. What is the units digit of ((-21)/(-14)*1)/((-6)/s)?
4
Let x = -169 + 94. Let o = x + 130. What is the units digit of o?
5
Suppose 0 = -4*b + 2351 - 723. What is the units digit of b?
7
Suppose 0 = -12*m - 734 + 19118. What is the units digit of m?
2
Suppose -27*h - 2071 = -34525. What is the tens digit of h?
0
Let j = 33 - 35. What is the tens digit of (-4 + j)*70/(-5)?
8
Suppose -3*y = 2*y + 5. Let f(c) = -2*c + 11*c**2 + 13*c**2 + 5 - 4 + 3*c. What is the tens digit of f(y)?
2
Suppose 0 = -2*o - 4*p + 622, 16 = 3*p + 1. What is the hundreds digit of o?
3
Let k(d) = -4*d**3 + 4*d**2 + 14*d + 67. What is the hundreds digit of k(-6)?
9
What is the units digit of 198*((-11)/(-4) - (-10)/40)?
4
Suppose -5*z + 3543 + 2937 = 0. What is the hundreds digit of z?
2
Let o = 24 - 22. Suppose o*l - 11 = -7. Suppose 0 = l*d + 5*d - 161. What is the units digit of d?
3
Suppose 0 = -27*v + 37702 + 28988. What is the units digit of v?
0
Suppose -3*d = -d - 4. Suppose 4*s - 42 = p, -d*p - 3*p + 30 = 4*s. What is the tens digit of (11 + 1)*25/s?
3
Suppose 0 = 2*v - 3*n - 36, v = -0*v - 4*n - 4. Suppose 4*c = 6*c - v. Suppose 231 = c*h - 57. What is the units digit of h?
8
Suppose 10*c + 646 = 4176. What is the tens digit of c?
5
Suppose 0 = -u + 2*i + 466, -2330 = -5*u - 5*i + 7*i. What is the units digit of u?
6
Let m = 685 - 538. What is the tens digit of m?
4
Suppose 1611 = 4*j - 3*j + 6*b, -2*b = -6. What is the tens digit of j?
9
Suppose -2*p = -8 - 0. Suppose -p*u = v - 2*v + 9, 2*v - u - 25 = 0. Suppose -360 = -v*a + 8*a. What is the tens digit of a?
7
Suppose -4*r + 2901 = m, -r - 8*m + 10*m + 714 = 0. What is the hundreds digit of r?
7
Let y be ((-21)/(-6) + 0)/((-4)/(-200)). Let n = y + -105. What is the units digit of n?
0
Let m(g) = 13*g - 3. Suppose a + 4*n + 28 = 5*a, 2*n - 7 = -5*a. Let k be a - 1 - (5 - 5). What is the units digit of m(k)?
3
Suppose 5*x + 312 = 1177. What is the units digit of x?
3
Let h(b) = -b**2 - 2*b + 46. Suppose -2*a - 3*t - t + 16 = 0, -2*a + 3*t = -9. Let c = a + -6. What is the units digit of h(c)?
6
Let p(m) = -272*m - 67. What is the hundreds digit of p(-3)?
7
Let a = -709 - -1367. What is the hundreds digit of a?
6
Suppose 2*q - h - 103 = -0*h, -4*q + 5*h + 209 = 0. Suppose -r = -2*c - 15, -4*r - 